nder when 158582 is divided by 344?
342
Calculate the remainder when 1539 is divided by 62.
51
Calculate the remainder when 10494 is divided by 644.
190
Calculate the remainder when 147252 is divided by 54.
48
What is the remainder when 3136 is divided by 87?
4
What is the remainder when 335018 is divided by 6?
2
Calculate the remainder when 1503 is divided by 1420.
83
What is the remainder when 18956 is divided by 301?
294
What is the remainder when 6712 is divided by 394?
14
Calculate the remainder when 538881 is divided by 1518.
1509
What is the remainder when 14356 is divided by 43?
37
What is the remainder when 2752 is divided by 23?
15
What is the remainder when 2231 is divided by 869?
493
What is the remainder when 76036 is divided by 15207?
1
Calculate the remainder when 4718140 is divided by 99.
97
Calculate the remainder when 55660 is divided by 557.
517
What is the remainder when 3901 is divided by 41?
6
Calculate the remainder when 34303 is divided by 647.
12
What is the remainder when 906 is divided by 889?
17
What is the remainder when 49455 is divided by 24719?
17
What is the remainder when 243809 is divided by 258?
257
What is the remainder when 5514 is divided by 1093?
49
Calculate the remainder when 27829 is divided by 27825.
4
What is the remainder when 5380 is divided by 2686?
8
What is the remainder when 57582 is divided by 19192?
6
Calculate the remainder when 2085 is divided by 689.
18
Calculate the remainder when 26995 is divided by 8997.
4
What is the remainder when 41411 is divided by 139?
128
Calculate the remainder when 1194363 is divided by 896.
891
Calculate the remainder when 88633 is divided by 441.
433
What is the remainder when 134936 is divided by 153?
143
What is the remainder when 2889 is divided by 452?
177
What is the remainder when 122039 is divided by 278?
275
Calculate the remainder when 5905 is divided by 5770.
135
Calculate the remainder when 62477 is divided by 17.
2
What is the remainder when 1508 is divided by 323?
216
What is the remainder when 10554 is divided by 3518?
0
Calculate the remainder when 213944 is divided by 255.
254
What is the remainder when 172947 is divided by 376?
363
What is the remainder when 3361 is divided by 358?
139
What is the remainder when 5167 is divided by 1668?
163
What is the remainder when 745127 is divided by 524?
523
What is the remainder when 101781 is divided by 11?
9
What is the remainder when 3074 is divided by 1009?
47
Calculate the remainder when 3976 is divided by 960.
136
What is the remainder when 32910 is divided by 235?
10
Calculate the remainder when 42163 is divided by 8429.
18
What is the remainder when 1066 is divided by 10?
6
What is the remainder when 277855 is divided by 33?
28
What is the remainder when 391869 is divided by 157?
154
Calculate the remainder when 2304 is divided by 211.
194
What is the remainder when 29281 is divided by 167?
56
Calculate the remainder when 41156 is divided by 20575.
6
What is the remainder when 39518 is divided by 399?
17
Calculate the remainder when 8505 is divided by 492.
141
Calculate the remainder when 94663 is divided by 2201.
20
What is the remainder when 370616 is divided by 14?
8
What is the remainder when 6777 is divided by 744?
81
Calculate the remainder when 25730 is divided by 353.
314
What is the remainder when 1694 is divided by 301?
189
What is the remainder when 42324 is divided by 672?
660
What is the remainder when 4578 is divided by 448?
98
Calculate the remainder when 69818 is divided by 118.
80
What is the remainder when 20446 is divided by 20381?
65
Calculate the remainder when 323007 is divided by 74.
71
Calculate the remainder when 185562 is divided by 161.
90
What is the remainder when 1529 is divided by 61?
4
Calculate the remainder when 40189 is divided by 10028.
77
What is the remainder when 2870 is divided by 316?
26
Calculate the remainder when 7568 is divided by 422.
394
What is the remainder when 21185 is divided by 125?
60
Calculate the remainder when 716063 is divided by 499.
497
What is the remainder when 77953 is divided by 11133?
22
What is the remainder when 27091 is divided by 19?
16
Calculate the remainder when 9671 is divided by 2416.
7
What is the remainder when 513 is divided by 252?
9
Calculate the remainder when 75715 is divided by 23.
22
What is the remainder when 15221 is divided by 31?
0
What is the remainder when 2298 is divided by 43?
19
Calculate the remainder when 2495 is divided by 1237.
21
Calculate the remainder when 12353 is divided by 442.
419
Calculate the remainder when 16834 is divided by 145.
14
What is the remainder when 4781 is divided by 44?
29
Calculate the remainder when 1937 is divided by 196.
173
Calculate the remainder when 34033 is divided by 93.
88
What is the remainder when 3682624 is divided by 6?
4
What is the remainder when 194848 is divided by 28?
24
What is the remainder when 7848 is divided by 1558?
58
What is the remainder when 110951 is divided by 195?
191
Calculate the remainder when 233 is divided by 8.
1
Calculate the remainder when 1321 is divided by 165.
1
What is the remainder when 8902 is divided by 279?
253
Calculate the remainder when 1437 is divided by 1433.
4
What is the remainder when 29934 is divided by 14811?
312
What is the remainder when 101113 is divided by 1348?
13
What is the remainder when 4423 is divided by 75?
73
What is the remainder when 6030 is divided by 268?
134
Calculate the remainder when 10771 is divided by 5.
1
What is the remainder when 12406 is divided by 21?
16
What is the remainder when 1213 is divided by 240?
13
Calculate the remainder when 1252 is divided by 579.
94
Calculate the remainder when 5269 is divided by 2614.
41
Calculate the remainder when 3091 is divided by 6.
1
Calculate the remainder when 158561 is divided by 33.
29
Calculate the remainder when 157343 is divided by 132.
131
What is the remainder when 27303 is divided by 222?
219
What is the remainder when 38606 is divided by 78?
74
Calculate the remainder when 3344 is divided by 14.
12
What is the remainder when 5370 is divided by 232?
34
Calculate the remainder when 809701 is divided by 433.
424
Calculate the remainder when 11368 is divided by 1249.
127
What is the remainder when 22673 is divided by 167?
128
Calculate the remainder when 14454 is divided by 3481.
530
What is the remainder when 21040 is divided by 3?
1
Calculate the remainder when 2576 is divided by 585.
236
What is the remainder when 185378 is divided by 61771?
65
What is the remainder when 5196510 is divided by 21?
18
What is the remainder when 101044 is divided by 39?
34
Calculate the remainder when 320483 is divided by 80104.
67
What is the remainder when 4324638 is divided by 473?
472
Calculate the remainder when 697075 is divided by 942.
937
Calculate the remainder when 6700 is divided by 571.
419
Calculate the remainder when 2191 is divided by 91.
7
Calculate the remainder when 158729 is divided by 26.
25
Calculate the remainder when 2054 is divided by 10.
4
Calculate the remainder when 7610 is divided by 2522.
44
What is the remainder when 10749 is divided by 596?
21
Calculate the remainder when 21794 is divided by 403.
32
What is the remainder when 174319 is divided by 2100?
19
Calculate the remainder when 332581 is divided by 110857.
10
Calculate the remainder when 64627 is divided by 760.
27
Calculate the remainder when 14654 is divided by 3854.
3092
Calculate the remainder when 1904 is divided by 1890.
14
What is the remainder when 204660 is divided by 462?
456
What is the remainder when 481188 is divided by 18507?
6
Calculate the remainder when 346643 is divided by 5.
3
What is the remainder when 1920122 is divided by 2446?
12
Calculate the remainder when 47952 is divided by 47921.
31
What is the remainder when 632 is divided by 405?
227
Calculate the remainder when 32834 is divided by 62.
36
What is the remainder when 3099452 is divided by 64?
60
Calculate the remainder when 592 is divided by 253.
86
Calculate the remainder when 38361 is divided by 26.
11
Calculate the remainder when 20496 is divided by 8861.
2774
Calculate the remainder when 906 is divided by 887.
19
Calculate the remainder when 10388 is divided by 20.
8
Calculate the remainder when